4, what is -103323 + 221012?
111023
In base 11, what is 15682 + 30?
15702
In base 14, what is 6c + -13da82?
-13da14
In base 5, what is 23142311030 + 0?
23142311030
In base 8, what is -72 - 1336053?
-1336145
In base 3, what is 1121011021200 + -1011222?
1121010002201
In base 13, what is -16 + -39b19a2?
-39b19b8
In base 15, what is 2 - 61d11da?
-61d11d8
In base 14, what is -11d29 - -a3a?
-112cd
In base 14, what is 4 - 9ca835?
-9ca831
In base 14, what is 345c8d + 20?
345cad
In base 3, what is 2000211 - 1011120?
212021
In base 7, what is 1223 - -435013?
436236
In base 9, what is -137841556 + 3?
-137841553
In base 7, what is -604540230 - 0?
-604540230
In base 3, what is -200100022210021100 - 0?
-200100022210021100
In base 6, what is -3 - 45242232043?
-45242232050
In base 13, what is -21137 + -6b?
-211a5
In base 10, what is 26 - -115650?
115676
In base 9, what is 48326613 - 5?
48326607
In base 15, what is -166a6a51 - -5?
-166a6a4b
In base 6, what is -112 - 211052412?
-211052524
In base 7, what is 1343 + 151165?
152541
In base 9, what is 56731211 + -4?
56731206
In base 14, what is -9 + 151019da?
151019d1
In base 9, what is 77266 + 3281?
81557
In base 3, what is 1 + -212112001201201?
-212112001201200
In base 7, what is -22 - -122000?
121645
In base 9, what is 464113 - 243?
463760
In base 11, what is 31114 + -3004?
29110
In base 9, what is 116462 + -10361?
106101
In base 2, what is 10001001111 - 10001100010010?
-1111011000011
In base 15, what is b4 - 506?
-442
In base 9, what is 67835 + 102?
68037
In base 15, what is ac + b2480?
b253c
In base 6, what is -3150 + 513101?
505511
In base 10, what is 19 + -400328?
-400309
In base 7, what is 263026125 + 1?
263026126
In base 5, what is -21042 + 12214413?
12143321
In base 14, what is -1d605c + -1?
-1d605d
In base 8, what is 2 + -6065561?
-6065557
In base 9, what is 202 - 117526?
-117324
In base 11, what is -9 - 185251?
-18525a
In base 5, what is 2213004 - -1221014?
3434023
In base 3, what is -1110201221110 - -12?
-1110201221021
In base 16, what is -8 - -44f047?
44f03f
In base 15, what is -10e61 - 15?
-10e76
In base 4, what is 21031 + 213032001?
213113032
In base 9, what is 3370 - -107864?
112344
In base 8, what is 71 + 11674171?
11674262
In base 3, what is -101 + -20010202122001?
-20010202122102
In base 14, what is 381 - b485a?
-b44b9
In base 11, what is 17 + 256907?
256923
In base 15, what is -16 + -7653b7?
-7653cd
In base 9, what is -36 - 81332736?
-81332773
In base 5, what is 241 - 2110002?
-2104211
In base 15, what is -4 + -326ca3a?
-326ca3e
In base 4, what is -1 - -3331303012?
3331303011
In base 3, what is 2102110120020 + -1?
2102110120012
In base 16, what is 4dcd250 + 5?
4dcd255
In base 8, what is -10 + 27537614?
27537604
In base 2, what is -10011 - -1010001111111101000100010?
1010001111111101000001111
In base 10, what is 7562749 + -4?
7562745
In base 16, what is 445be + -46?
44578
In base 13, what is cc + -2c13?
-2b14
In base 11, what is a9a + -145195?
-1441a6
In base 10, what is -73985457 + 2?
-73985455
In base 2, what is -101000110001 - 110001111?
-101111000000
In base 7, what is 364562226 - 1?
364562225
In base 8, what is -13106 - 4176?
-17304
In base 3, what is 1212222202212 - 122?
1212222202020
In base 6, what is 435323011 + -20?
435322551
In base 5, what is 3344 + -424203?
-420304
In base 16, what is -50b + 19226?
18d1b
In base 11, what is -749a4a - 1?
-749a50
In base 4, what is -13020 - 2202322?
-2222002
In base 15, what is -61 - 1de17?
-1de78
In base 6, what is 3152435 + -11450?
3140545
In base 10, what is -2 - -3107784?
3107782
In base 5, what is 32 - -3122040122?
3122040204
In base 13, what is 2a9 + 6725?
6a01
In base 3, what is 10022002010200201 + 1?
10022002010200202
In base 6, what is -423 - 445051?
-445514
In base 6, what is -50001035 + -1?
-50001040
In base 6, what is 250241 + 55112?
345353
In base 2, what is -100111000100 - 11011110111011111?
-11100011110100011
In base 14, what is -d335 + -2268?
-1159d
In base 3, what is -22 - -1011002002111221?
1011002002111122
In base 9, what is 18 - -38706?
38725
In base 5, what is 2232244043 + -1224?
2232242314
In base 11, what is 36834 - -21a?
36a53
In base 13, what is -7b - 6ca69a?
-6ca748
In base 13, what is -4355 - b35?
-518a
In base 14, what is 48576d + -a?
485763
In base 13, what is 1cc2821 + 48?
1cc2869
In base 9, what is 13513465 - -13?
13513478
In base 16, what is e530 - 781?
ddaf
In base 13, what is -2 + -1104bb3?
-1104bb5
In base 16, what is -15df + -125c?
-283b
In base 3, what is 101120122110 + -212002?
101112210101
In base 10, what is -838749480 - -5?
-838749475
In base 12, what is -3065 - 996?
-3a3b
In base 9, what is 2 - -841083044?
841083046
In base 6, what is 452 + 532432?
533324
In base 7, what is 5160316 + 525?
5161144
In base 11, what is -5376989 + -4?
-5376992
In base 14, what is -1749757 - 4?
-174975b
In base 13, what is -4 + -29ac8597?
-29ac859b
In base 11, what is 662 - -19157?
19809
In base 4, what is 1 - 323232111313?
-323232111312
In base 6, what is -4334 - 10015435?
-10024213
In base 3, what is 11110111000 - -1101111?
11111212111
In base 11, what is 2179 + 4002?
6180
In base 13, what is -4c08 - -1bb4?
-3024
In base 15, what is 1 - -3505?
3506
In base 10, what is 7880793 - 9?
7880784
In base 6, what is -4 + -1052001225?
-1052001233
In base 15, what is -30966c38 + 1?
-30966c37
In base 6, what is -222 + 3313142?
3312520
In base 12, what is -2758 - 59?
-27b5
In base 15, what is 3a7 + -b53d?
-b186
In base 9, what is 0 - 4185157?
-4185157
In base 13, what is -1b2 + b30?
94b
In base 9, what is 1 + -2347507?
-2347506
In base 11, what is 1a23677 - -20?
1a23697
In base 7, what is -6565 + 303333?
263435
In base 10, what is -144705694 + -4?
-144705698
In base 2, what is -1000001110 + 10111011110011110?
10111010110010000
In base 10, what is 4132 - 15592?
-11460
In base 3, what is -2021102 - 1102000?
-10200102
In base 14, what is 4 - 9b46a5?
-9b46a1
In base 11, what is 6381292 - -1?
6381293
In base 9, what is 51616253 + 0?
51616253
In base 12, what is 364a - 236?
3414
In base 5, what is -1 + 102342121402?
102342121401
In base 12, what is 4 + -138561?
-138559
In base 4, what is 32321231312 - 1?
32321231311
In base 10, what is 211933 - -557?
212490
In base 9, what is -6 - -116800?
116783
In base 12, what is 177 + 3462a?
347a5
In base 7, what is -12256 + -3021?
-15310
In base 8, what is -16545 - -24632?
6065
In base 13, what is -63 - a973c?
-a97a2
In base 6, what is 15 + 10204124?
10204143
In base 5, what is 11 - -3242331?
3242342
In base 5, what is 10 + -30230041?
-30230031
In base 13, what is -52c1c7 - -46?
-52c181
In base 16, what is 8fd9 - -44e9?
d4c2
In base 7, what is -440661 + 105?
-440553
In base 7, what is -21 + 23365041?
23365020
In base 11, what is 3440 + -418?
3023
In base 6, what is -1254 + 1004423?
1003125
In base 12, what is -2 - -382983a3?
382983a1
In base 6, what is -3045 + 143233?
140144
In base 15, what is -2e8d1 - 55e?
-2ee40
In base 10, what is -123408 + -244?
-123652
In base 4, what is -1212001033220 + -11?
-1212001033231
In base 13, what is 1a32 + -4445?
-2713
In base 3, what is 1002200000010121200 - 11?
1002200000010121112
In base 3, what is -1012102121012201 + 2?
-1012102121012122
In base 15, what is -e9e298 + -2?
-e9e29a
In base 10, what is 4 - -5887229?
5887233
In base 10, what is 6265803 - 13?
6265790
In base 14, what is -7 - 626591?
-626598
In base 15, what is -c + c9c41a?
c9c40d
In base 2, what is 1100000001011000110 - -10100?
1100000001011011010
In base 11, what is 1 - -aa204406?
aa204407
In base 13, what is -99 + 4997b2?
499716
In base 14, what is 154 + 14d7d?
150d3
In base 16, what is 2e7cc + -7?
2e7c5
In base 15, what is -aba40 + -1e?
-aba5e
In base 8, what is 606420 + 56?
606476
In base 11, what is 3a3646 - 5?
3a3641
In base 15, what is -1 - -3a57427?
3a57426
In base 4, what is 1120302011233 + 12?
1120302011311
In base 8, what is 145 - -532774?
533141
In base 12, what is -8470 + 1033?
-7439
In base 11, what is -a90472 + 28?
-a90445
In base 6, what is 0 - -13344303023?
13344303023
In base 6, what is 333105515 + -4?
333105511
In base 8, what is -1400661 - -16?
-1400643
In base 12, what is -b6 - -4972b5?
4971bb
In base 11, what is -16273958 - -3?
-16273955
In base 3, what is 102102 - 10101022122?
-101002